56*h + 23340. Calculate the highest common divisor of h and t.
12
Let y = 72105 - 71945. Let w = -6 - -12. Let m be w/4*128/6. Calculate the highest common factor of y and m.
32
Let g be (-1)/(-20) - 8073/(-540). Let w = 308 - 173. What is the highest common factor of w and g?
15
Let n(y) = y**3 + 3*y**2 - 6*y - 1. Let h be n(-3). Calculate the greatest common divisor of 3740 and h.
17
Let x(u) = -u + 330. Let h be x(8). What is the highest common divisor of 28 and h?
14
Let a be 9 - (10 - 0) - ((-3 - -2) + -205). Calculate the greatest common divisor of a and 492.
41
Let z(p) = -p + 4. Let t be (-5 + 30/6)/1. Let b be z(t). Let w be 1/(-2)*(28/b - 151). What is the greatest common factor of w and 18?
18
Let m be (-24)/2*3296/(-1236). Suppose -628 = -4*u + 268. What is the highest common factor of m and u?
32
Suppose 2*i - 18 = -12. Suppose -k - i = -3. Suppose -3*s + 4*d = -338 - 460, -2*s + 3*d + 531 = k. What is the greatest common factor of s and 27?
27
Suppose -z + 6 = -27. Let j = -260 - -265. Let m be -2 - (-3 + j + -7). What is the highest common factor of z and m?
3
Let y be ((-10)/(-3))/((-4)/(-24)). Suppose -830*h - 165052 + 249966 = -230486. Calculate the greatest common divisor of h and y.
20
Suppose 0 = 67*h - 60*h - 1904. Suppose -5*j - 2*p + 31 + 354 = 0, -4*j + 4*p = -280. Suppose -2*u + j = 7. Calculate the greatest common divisor of h and u.
34
Let f be 4530/8 + (-18)/(-24). Suppose 137*k - 104*k - 176 = 55. Calculate the greatest common factor of k and f.
7
Suppose 2 = -2*f, -4*s + 5*s - 445 = -4*f. Suppose -5*i + 181 = -s. What is the greatest common factor of i and 56?
14
Suppose -3*g = -5*j + 478, -5*j + 52*g = 50*g - 482. Calculate the greatest common divisor of 3 and j.
1
Suppose 29*d = 77*d - 29376. Let w = -18 - -36. Calculate the greatest common factor of d and w.
18
Suppose 3*l - 172 = 62. Let z = l - 2. What is the greatest common divisor of z and 19?
19
Suppose 359 + 159 = 2*x. Suppose 6951 - 5978 = 139*c. What is the greatest common divisor of c and x?
7
Let y(b) = 4*b**3 + 54*b**2 + 8*b - 54. Let p be y(-13). Let m = -28 + 38. Calculate the greatest common factor of p and m.
10
Suppose 0 = 98*d + 6151 - 15762 - 7637. Calculate the greatest common divisor of d and 627.
11
Suppose 7*k = 6*k. Let g(n) = n**2 - 2*n + 2. Let u be g(k). Let s be (12/10)/(102/680). Calculate the highest common divisor of s and u.
2
Let b be ((-2238)/(-39))/(27/351). Calculate the greatest common factor of 2 and b.
2
Let a = -7 - -53. Suppose -16 + a = m. Let j be ((-1200)/16)/(-1 + 0). What is the greatest common factor of j and m?
15
Let c(w) = -w**2 + 70. Let y be c(0). Suppose u - 5*x = -20, -5*u - 32*x = -37*x. Suppose u*n = 10 + y. What is the highest common divisor of 8 and n?
8
Suppose -2*h = -5*h + 21. Let u(t) = -2*t**3 - 9*t**2 - 609*t - 2301. Let y be u(-4). What is the greatest common divisor of h and y?
7
Suppose 0*o + o = -1, -2*t + 5*o = 21. Let w = -1907 + 1928. Let i = t + w. Calculate the highest common divisor of 72 and i.
8
Suppose 11*w - 231 = -154. Calculate the highest common factor of 3437 and w.
7
Suppose 90 = 18*u - 0*u. Suppose -u*k + 17 = -73. What is the highest common factor of k and 78?
6
Let s = 41 + -29. Let a = 48 + -360. Let c = a + 324. Calculate the highest common factor of c and s.
12
Let h = 181 - 176. Suppose -2*w - 1970 = -4*y, h*y + w + 83 = 2563. Calculate the greatest common divisor of 90 and y.
45
Suppose 816 = 5*z - 2*z. Let v be 4 - (7/4 - 2/(24/789)). What is the highest common divisor of z and v?
68
Suppose 14*q = 16 + 12. Suppose v + 2*p + 4 = 7*p, -3*p + 31 = q*v. Calculate the highest common factor of 1397 and v.
11
Let s(h) = -23*h - 7. Let j be s(-2). Suppose -j = -2*w - 3*u, -1 = -3*u - 10. Suppose -29*q + 1215 = -w*q. What is the highest common factor of 27 and q?
27
Suppose 2191*l = 1079*l + 1073*l + 1521. Calculate the highest common divisor of 663 and l.
39
Let n = 5188 - 5154. What is the highest common factor of n and 1462?
34
Let x(o) = -118*o - 7998. Let d be x(-68). What is the greatest common factor of d and 2743?
13
Let c(m) = -m**3 - 17*m**2 + 13*m + 8. Let a be c(-18). Let t = a - 75. Suppose -7*z + t + 12 = 0. What is the greatest common factor of 55 and z?
5
Let g(f) = -8*f + 171. Let z be g(9). Let b(c) = -c**2 - 7*c + 1. Let u = -13 + 8. Let s be b(u). What is the highest common factor of z and s?
11
Let c = 57 + -32. Let o(r) = 6*r**3 + 2*r**2 - 3*r + 1. Let h be o(1). Let m be 7 + (h/(-4))/(11/(-22)). Calculate the highest common divisor of c and m.
5
Suppose k = 15*k + 2642 - 11266. Let q(u) = u**3 - 7*u**2 + 11*u. Let z be q(7). Calculate the greatest common factor of z and k.
77
Suppose 28*o + 2*o + 8970 = 0. Let c be o/(-5) + 23/115. Suppose 0 = 2*d - 6*d + 80. Calculate the highest common factor of d and c.
20
Suppose -2*r + 13*n = 9*n + 28, n = r + 14. Let z(u) = u**3 + 16*u**2 + 18*u - 23. Let c be z(r). Calculate the highest common factor of 9 and c.
9
Suppose 0 = -4*w + 4*o + 8784, 5*w - 6*w = 4*o - 2201. Calculate the greatest common factor of w and 169.
169
Let a be (-1)/(-4) + (-646)/(-136). Let u be (-7)/28*(4 - -1)*-316. Calculate the greatest common divisor of u and a.
5
Let k = 28 + 34. Let h = 186 - 190. Let t(i) = -2*i**3 - i**2 + 4*i - 3. Let o be t(h). What is the highest common factor of o and k?
31
Let v = 191 + -189. Suppose -4*y - v*i + 1270 = -7*i, 317 = y - i. Let s be (-1 - -3) + 36 + -3. What is the highest common factor of s and y?
35
Suppose 62*q = 77*q - 540. What is the highest common divisor of 6246 and q?
18
Suppose 5*g + 534*y - 17432 = 538*y, 3*g + y - 10432 = 0. Calculate the highest common factor of g and 522.
174
Let o be (-6)/39 - (-288)/858 - (-15816)/132. Calculate the highest common divisor of o and 282.
6
Let n(v) = -1103*v + 113618. Let c be n(103). Let f be 397/7 + (-2)/(-7). Calculate the greatest common factor of c and f.
3
Let n(i) = 3*i**2 - 68*i - 20. Let o be 2/(-15) + (-6593)/(-285). Let h be n(o). Calculate the highest common divisor of 30 and h.
3
Let m = 208 + -178. Let x be 8/(-18) + 996/54. Calculate the highest common factor of x and m.
6
Let x(z) = 683*z + 1396. Let r be x(-2). What is the greatest common factor of r and 645?
15
Suppose -4*o = v + 3564, 13*o + 4454 = 8*o - v. Let r = 897 + o. Calculate the highest common divisor of r and 91.
7
Let a(d) = 12*d**3 - 47*d**2 + 13*d + 16. Let p be a(6). What is the greatest common factor of p and 142?
142
Let j(u) = -u**2 - 11*u - 2. Suppose 0 = 5*k - 2*k - 3, -5*k - 69 = 2*v. Let x = 29 + v. Let m be j(x). What is the highest common divisor of 176 and m?
22
Let b(g) = -9 + 12 - g**2 + 7 - 6*g. Let p be b(-7). Suppose s + p*d = 111, 4*s + 5*d - 547 = -89. What is the highest common factor of 13 and s?
13
Let m be (-907*4/2)/(82/(-492)). Calculate the highest common factor of 36 and m.
12
Let z be (2 - 16) + (-2 - -2 - -4). Let m be (-652)/(-18) + z/45. Let y(s) = -9*s. Let k be y(-10). What is the greatest common factor of m and k?
18
Suppose -2*s + 0 + 72 = 0. Let l = 517 + -802. Let t = 289 + l. Calculate the highest common factor of t and s.
4
Let x be (25 + -22)*336/9. What is the greatest common divisor of 14 and x?
14
Suppose -3*f + 3*k - 4*k = -1321, f - 2*k = 452. What is the highest common factor of 208 and f?
26
Suppose -743 = -11*m - 4076. Let t = 555 + m. What is the highest common divisor of t and 28?
28
Suppose v = 3*o + 140 + 214, -4*v + 1380 = -3*o. What is the greatest common factor of v and 54?
18
Let t = -3880 + 4320. Calculate the highest common divisor of 1440 and t.
40
Let g be (5 - 2) + (-22495)/(-22)*144/20. Calculate the highest common divisor of 15 and g.
15
Suppose 508*q - 503*q - 103804 = 3*v, 2*q - 5*v = 41514. Calculate the highest common divisor of q and 14.
14
Suppose -82 - 62 = 2*n. Let q = 73 + n. Suppose 12 + q = t. What is the highest common factor of t and 65?
13
Suppose -9*a - 542 = 178. Let j = -76 - a. What is the highest common divisor of 22 and j?
2
Let c = 631 - 115. Suppose -2*b - 5*y = -517, -2*b - 4*y = -0*y - c. Calculate the greatest common factor of b and 8.
8
Let f(k) = -4*k - 39. Let r be f(-10). Let h be 1904/48 - -4*r/(-6). What is the greatest common factor of 3 and h?
3
Let t(r) = 46*r**3 + 30*r - 